12/9)?
3
Suppose 0 = s - 3*u - 173, -5*s + 2*u = 108 - 1025. What is the hundreds digit of s?
1
Let f = -15 - -6. Let w = 16 + f. Let k = 9 - w. What is the units digit of k?
2
Let z = 10 - 5. Let m(s) = -5 + 1 + 0*s**3 + s**3 - 5*s**2 + 2*s. What is the units digit of m(z)?
6
Let u be ((-1)/1)/((-1)/5). Suppose 10 = -u*d - q + 5*q, -d + 14 = -4*q. What is the units digit of 4/d + 114/9?
2
Suppose y - 5*q - 7 = -2*q, -q - 1 = 0. What is the units digit of y?
4
Let a(o) = -o**3 - 3*o**2 + 3. Suppose -4 = h - 1. Let c be a(h). Suppose c*u + 1 = 4*m, u = 4*m - 10 - 1. What is the units digit of m?
4
Suppose 0 = 3*w - 3*m, -4 - 5 = -4*w + m. Suppose 48 = d + w*d. What is the tens digit of d?
1
Let x = 46 - 24. What is the tens digit of x?
2
Let i = 317 + -136. What is the units digit of i?
1
Suppose -7*d + 15*d = 192. What is the tens digit of d?
2
Let i(a) = -3 + 4*a - a - 2*a. Let m = 7 + -1. What is the units digit of i(m)?
3
Let d(a) = 30*a + 3. What is the tens digit of d(5)?
5
Let p = -21 - -31. Suppose 4*h - 10 - p = 0. Suppose 2*u - 11 + h = 0. What is the units digit of u?
3
Let o = 0 - 4. Let x be 0 + 4*(2 + o). Let n = -5 - x. What is the units digit of n?
3
Let d = 28 + -17. What is the units digit of d?
1
Let z(g) = -g**2 - 2*g - 2. Let f be z(-4). What is the units digit of -5 - f - (-4 + 1)?
8
What is the units digit of 8/(-42)*9*-21?
6
Let r = 184 - 59. What is the units digit of r?
5
Let o be (16/12)/((-2)/(-6)). Suppose 0*i - i = o*q - 85, 5*q = i + 95. What is the tens digit of q?
2
What is the units digit of 2 + 0 + (-5)/((-40)/32)?
6
Let z = -241 - -342. What is the units digit of z?
1
Suppose 5*p = 4*p - 4. What is the units digit of 6 + 1 - 0/p?
7
Let l = 10 + -5. Let k(w) = 4*w + 2. What is the tens digit of k(l)?
2
Let c(a) = -7*a**3 + 3*a**2 + 2*a - 1. What is the hundreds digit of c(-3)?
2
Let h = -7 - -4. Let i be h/5 + (-2)/5. What is the units digit of 8 - 0/(3*i)?
8
Suppose -7*u - 141 = -10*u. What is the tens digit of u?
4
Suppose -3*y + 18 = -3. Suppose -3*g + 2*h - y = -4*g, -4*g + 40 = 5*h. Suppose c - 5*q - 29 = -c, 5*q = -5*c - g. What is the units digit of c?
2
Let b = 84 - 42. Let k = b - 8. What is the units digit of 2/(-5) + k/10?
3
Let n(w) = -14*w - 1. Let t be n(-4). Suppose 2*c - 2 = 0, -4*d + 3*c + t = -18. What is the units digit of d?
9
Let c be 3/((-3)/2) - -4. Let u be ((-18)/(-3) - -1)*c. Suppose 3*v = v + u. What is the units digit of v?
7
Let c be -1 + 1 + 1 - -1. Let v = 22 + -20. Suppose -c*m + 3*m = v. What is the units digit of m?
2
Suppose -m = 2*s + 3*s - 4, 5*s = 0. What is the units digit of (-6)/m*(-16)/3?
8
Suppose -2*z = 4*z - 18. What is the units digit of z?
3
Suppose 698 = 7*z - 240. What is the units digit of z?
4
Let c = -3 - -5. Suppose 5*q - 36 = q - 3*o, o + c = q. What is the tens digit of (-2)/q*14*-3?
1
Suppose -335 - 127 = -2*y. What is the tens digit of y?
3
Suppose -4*j = 12, 4*p = p + j + 12. Suppose -16*b + 15*b + 15 = 0. What is the tens digit of 147/15 + p/b?
1
Suppose 2*w - 5*t + 25 = 0, -5*w - 2*t + 10 = -0*w. Suppose w = -3*f - 20 + 2. What is the tens digit of (f + (-1)/(-1))*-2?
1
Let w(r) = -r**3 + 6*r**2 + 4*r - 10. Let v = -1 - -6. What is the units digit of w(v)?
5
Let f(b) = b**3 - b**2 + b + 1. Let n be f(-1). What is the tens digit of 14 + -1 + n + 1?
1
Let a = -32 + 101. Let n be -2 - (2 + a/(-3)). Let y = n - 11. What is the units digit of y?
8
Let k(i) = i**3 + 6*i**2 + i - 6. Suppose -3*b - b = 20. What is the units digit of k(b)?
4
Let v(n) = -3*n - 3*n**2 - 1 - n**3 + 2*n**2 - 2*n**2. Let a be -3*1 - (1 - 2). What is the units digit of v(a)?
1
Let r(p) = 6*p - 5*p - 4 + 0*p + 5. What is the units digit of r(0)?
1
Let b(g) = -g**2 - 6*g + 2. Let p be (-8 - (-1 + -1)) + 0. Let l be b(p). Suppose 8 = l*w + 2*w. What is the units digit of w?
2
Let n(a) = a**2 - a. Let h(r) = 4*r**2 + 3*r. Let z(u) = -h(u) + 3*n(u). Suppose -5*m = 5*y, -3*y + m = 23 - 3. What is the units digit of z(y)?
5
Let c = 16 - 6. Let k be ((-4)/c)/((-1)/65). Suppose 3*r = -4*j + 25, 2*j - 7*j + k = 2*r. What is the units digit of j?
4
Let r(p) = -p + 5*p**2 + 7*p**2 + 2*p. What is the units digit of r(1)?
3
Let y(j) = -2*j - 3. Let v be y(-4). Let k = v - -6. What is the units digit of k?
1
Suppose -2*r + 20 = 3*r. Let i = r - -12. Suppose i = 3*n - n. What is the units digit of n?
8
Suppose 4*m - 3*u = -133, 0 = m - 2*m + 3*u - 40. Let c = m + 54. What is the units digit of c?
3
Let q(b) = -23*b - 2. Let a be 1*((-6)/(-3) + -3). What is the tens digit of q(a)?
2
Let r(d) = -d**3 - 9*d**2 - d + 1. Let l = 11 + -8. Suppose 0 = -2*m - 2*h - 20, h = 5*m - l*h + 41. What is the units digit of r(m)?
0
Suppose -30 = -2*h + 74. What is the units digit of h?
2
What is the units digit of -1 - -3 - (-6 + 0)?
8
Let w(h) = -3*h**2 + h - 1 + 4*h**2 - 1 + 2*h. What is the units digit of w(-4)?
2
Let w be (-1 - -2)/(2/6). Suppose 0 = 4*u - w*t + t - 66, -3*u + 4*t = -37. What is the units digit of u?
9
Suppose 5*g + 3*x = 17, 3 + 2 = 2*g + 3*x. Let h = -8 + 10. Suppose 0*u - 3*n = -h*u - 4, 3*u - 4*n = -g. What is the units digit of u?
4
Suppose -3*i + i = -6. Suppose 3 + i = 3*x. Let t(y) = 3*y**2 - y - 1. What is the units digit of t(x)?
9
Let d(v) = 2*v + 6. Let a be d(-4). Let n be 1/a + (-28)/(-8). Suppose 2 = n*z + 5*c - 16, -2*z + 12 = c. What is the units digit of z?
6
Suppose -3*s = -4*l + 12, 5*l + 2*s - 15 = -s. Let f be (-68)/3 - 1/l. Let g = f + 37. What is the units digit of g?
4
What is the units digit of ((-77)/28)/((-1)/4)?
1
Let m be (-2)/(-6) - 3/9. Let v = 3 + 7. Suppose m*y - v = -5*y. What is the units digit of y?
2
Suppose 3*v + 5 = 4*v. Suppose -3*u - f = -1, -2*f - 14 = 3*u + 2*f. Suppose -v = r - u*r. What is the units digit of r?
5
Suppose 420 = t + g + 3*g, 0 = -2*t + 3*g + 829. What is the hundreds digit of t?
4
Let p(w) be the third derivative of w**5/5 - w**4/24 - 8*w**2. What is the tens digit of p(2)?
4
Let k = -24 + 67. What is the tens digit of k?
4
Let o(h) = h**3 + 10*h**2 + 10*h - 5. Let s be o(-8). Suppose -x + s = 4*q - 0*q, -q + 32 = -4*x. What is the tens digit of q?
1
Suppose 2*s + s - k = 546, -546 = -3*s + 4*k. What is the tens digit of s?
8
Let s = -1 + 3. Let y = 3 - s. What is the units digit of y/2*(1 + 5)?
3
Let v = -116 - -230. What is the hundreds digit of v?
1
Let r = 171 - 6. What is the tens digit of r?
6
Let p(c) be the second derivative of c**8/6720 + c**7/252 + c**5/24 + c**4/4 + 3*c. Let m(h) be the third derivative of p(h). What is the units digit of m(-10)?
5
Suppose -3*u - 4 + 1 = 2*k, 0 = -5*u - 4*k - 3. What is the tens digit of u - (-7 + 2)*12?
5
Let c(a) = 6*a**2 + 3*a - 2. Let o be c(3). Suppose -3*f + 4*j + o = 0, f + f - 49 = j. Suppose -f - 18 = -5*q. What is the units digit of q?
9
Let g be (-5)/(-2) - 2/4. Suppose -f + 4 = g. Let p(m) = 5*m - 3. What is the units digit of p(f)?
7
Let t be (-15)/2*8/10. What is the units digit of -5 - t - (-12 - 1)?
4
Let b(o) = o**3 - 21*o**2 + 44*o - 23. What is the units digit of b(19)?
1
Let x be (2 - 52/6)*-3. Suppose -12 = y - 3*c, -5*y + 6*c - x = c. Suppose y = -0*t - 4*t + 12. What is the units digit of t?
3
Let q be (5/(-10))/((-1)/(-4)). What is the units digit of 3/12*q*-22?
1
Suppose -5*s - 8 = -73. Let z = 22 - s. What is the units digit of z?
9
Let y be (4/(-14))/((-1)/7). Suppose 0 = 2*l - 2*a - 8, 1 = y*a - a. Suppose 0*h + 30 = l*h. What is the units digit of h?
6
Let k(b) = -17*b**2. Let l = 7 + -6. Let o be k(l). Let d = 30 + o. What is the tens digit of d?
1
Let m(g) = -g**3 - 2*g**2 + 5*g + 3. Let r be m(-4). What is the units digit of 5/2*36/r?
6
Let u = 16 - 4. Suppose -5*t + 3*k = -121, -3 + u = 3*k. What is the tens digit of t?
2
Let b(f) = -2*f**3 - 3*f**2 - 2*f - 1. Let z be b(-3). Let a = z - 22. What is the units digit of a?
0
Suppose 264 + 6 = 5*p. What is the tens digit of p?
5
Let f(i) = -2*i**3 + 6*i**2 + 10*i - 8. Let z be f(6). Let l be (-12)/(-42) + z/(-14). Let n = -2 + l. What is the units digit of n?
0
What is the tens digit of (13 - 1)/(10/45)?
5
What is the tens digit of 234/6 - (-1 - 1*-5)?
3
Let c = -76 - -116. Suppose s - 2*s = 3*m - 20, 5*s = -3*m + c. What is the units digit of s?
5
Let d(r) = 8*r**3. Let w be d(-1). Let g = 6 + w. Let i = 